*h - c - g, -4*h - 5*c = -3. What is the units digit of h?
2
Let r(w) = -w - 1. Let o be r(-3). Let k = 49 + -47. Suppose 4*n = 5*x, -k*n + 4*n + o = 3*x. What is the units digit of n?
5
Suppose -2 = -q + b, 1 - 5 = 3*q + 2*b. Suppose q = 4*z - 1 - 7. What is the units digit of (-1)/z*(-1 - 21)?
1
Let y(j) = -7*j + 2. Let x(t) = 13*t - 4. Let a(q) = -3*x(q) - 5*y(q). What is the units digit of a(-4)?
8
Suppose 0 = -3*u + 2*g + 116, 143 = -5*u - 4*g + 351. What is the tens digit of u?
4
What is the units digit of (-1 + -9)/(7/(-21))?
0
Suppose 285 = 4*a + a. What is the tens digit of a?
5
Let r(q) = q**2 + 8*q - 8. Let g be r(-8). Let v be g/(-12)*18/4. Suppose -4*w + 29 = -v. What is the units digit of w?
8
Suppose -4*q + 2*i - 5 = -3, -4*i = 3*q - 26. Suppose 2*g + g = 48. Suppose q*t + g = 6*t. What is the units digit of t?
4
Let s = -7 + 14. Suppose s*y - 2*y = 0. Suppose m + 19 = 3*o, 4*o - 3*o - 3*m - 1 = y. What is the units digit of o?
7
Suppose -210 = -3*a + 210. What is the hundreds digit of a?
1
Let u be -1*(3 + 14/(-2)). Suppose c - 4*c = 0. Suppose 0 = u*g - c*g - 16. What is the units digit of g?
4
Let f = 92 - 52. Suppose -2*w - 2*w = -f. What is the units digit of w?
0
Let i = 4 - 2. Let v be 2 - 6 - -1*i. Let b = 5 - v. What is the units digit of b?
7
What is the units digit of (3 + -2 + (-2)/4)*86?
3
Let q(m) = -m + 2. Let b be q(2). Suppose b = -i + 3*i - 4. What is the units digit of i?
2
Let x(z) = -z - 3. Let m be x(-4). What is the units digit of ((-3)/(-12))/(m/4)?
1
What is the tens digit of (-9)/(-15) - (-332)/5?
6
Let o(h) = -3*h**3 - h**2 + h + 3. Let c be o(2). Let a = c - -44. What is the units digit of a?
1
Suppose -8*r + 425 = -3*r. What is the tens digit of r?
8
Let j = 18 - 16. Let g(q) = 22*q. What is the tens digit of g(j)?
4
Let t be 2/(-6) + 8/6. Let l(f) = 19*f**2 - f + 2. What is the tens digit of l(t)?
2
Let o(u) = -14*u - 24. What is the units digit of o(-6)?
0
Suppose 5*f - 2*f = 6. Suppose 3*m - 4*m - f = 0. Let u = 5 + m. What is the units digit of u?
3
Let d(x) = 2*x**2 + 2*x - 6. Let s be d(-3). Let l(r) = 3*r + 3*r + 6 + 0*r**2 - r**2. What is the units digit of l(s)?
6
Let g(z) = -2*z - 7. Let y be g(-6). Suppose y*u = u + 68. What is the tens digit of u?
1
Let g = 64 - 37. Let i = 15 - g. What is the units digit of ((-44)/i)/(2/6)?
1
Let y(x) = x - 1. Suppose -2*s - 4 = -14. Let d be y(s). Suppose -2*c + 4*q + 12 = 2*q, -2*c = d*q. What is the units digit of c?
4
Suppose 8*j = 10*j - 280. Suppose -6*w + j = -w. What is the tens digit of w?
2
Suppose -3*u + 15 = 0, -2*q + u + 84 = 31. What is the units digit of q?
9
Let n(s) = 30*s - 6. What is the tens digit of n(4)?
1
Let x(r) = 9*r**2 - 2*r - 2. Let l(a) = a - 7. Let n be l(9). What is the units digit of x(n)?
0
Let w(m) = -m + 9. Suppose -3*x - 5*v + 3 = -4*x, -v - 33 = -5*x. Let h be w(x). Suppose -h = -y + 1. What is the units digit of y?
3
Let x(n) = 4*n - 14*n + 3 + 10 - n**2. What is the units digit of x(-10)?
3
Suppose -5*b + 3*i = 7*i - 42, i = 5*b - 52. What is the tens digit of b?
1
Suppose 0 = 2*r + 2*r. Suppose r = -m + 2*m - 2. Suppose j + m*z = 4*j - 2, 3*j + 5*z - 16 = 0. What is the units digit of j?
2
Suppose f = -3*z + 11 + 19, -31 = -2*z + 3*f. What is the units digit of z?
1
Let k be ((-5)/15)/(2/18). What is the units digit of (-28)/(-3) + 1/k?
9
Suppose -4*x + d = -191 - 23, 222 = 4*x - 5*d. What is the units digit of x?
3
Suppose 23*d - 2 = 21*d. What is the units digit of d?
1
Suppose -3*p = 5*b + 20, 8*p - 8 = 2*b + 5*p. Let d be -2*1/b*20. Suppose y + y = d. What is the units digit of y?
5
Suppose 133 = -2*y + 6*y - f, 56 = 2*y - 4*f. Suppose -3*j + j = y. Let k = -10 - j. What is the units digit of k?
7
Suppose f + 4 = 2*a + 2*a, 8 = -4*a - 2*f. Let k = 4 + a. What is the units digit of (1 - 0)/(k/36)?
9
Let o = 15 + 19. What is the units digit of o?
4
Suppose 0 = -7*x + 9*x - 328. What is the hundreds digit of x?
1
Suppose -6 = w + 2. Let d be 3/(-12) - (-78)/w. What is the units digit of 60/(-6)*4/d?
4
Let i = 3 - -2. Suppose -2*f - 26 = n - 5*f, -78 = 3*n - i*f. What is the units digit of 2/(-13) + (-524)/n?
0
Suppose -1 = 2*z - 3*z. What is the units digit of z/(-2) + (-71)/(-2)?
5
Let p = -40 + 84. What is the tens digit of p?
4
Suppose 7*o - 135 = 19. What is the units digit of o?
2
Let o be 2/9 - 1970/(-45). Suppose -3*b = -2*g - 7 - 19, -3*g - o = -5*b. What is the units digit of b?
0
Suppose -f - 4*k + 340 = 3*f, -2*k - 158 = -2*f. What is the units digit of f?
2
Let s(d) be the first derivative of 3*d**2/2 - d + 3. What is the units digit of s(3)?
8
Let m = 9 + -4. What is the units digit of m?
5
Let h = 13 + -11. Suppose 28 = 3*y - h*y. What is the tens digit of y?
2
Let l = -16 - -10. What is the units digit of 3/l*13*-2?
3
Suppose -4*r = -r - 459. Suppose 4*v - 19 = r. Suppose -v = -5*q - 4*d, -d + 20 = 2*q + 1. What is the tens digit of q?
1
Let h = -87 + 197. What is the tens digit of h?
1
Suppose a + y = -24 + 6, 0 = -3*a + 2*y - 64. Let d = -7 - a. Let g = d - 6. What is the units digit of g?
7
Let x(s) = -2*s - 12. Let b = 0 + 0. Suppose -5*w - 33 = -w - c, b = -2*w + 5*c - 21. What is the units digit of x(w)?
4
Let t(r) = -2*r**2 + 6*r - 4. Let g be t(6). Let a = -28 - g. Suppose 6*n - a = 3*n. What is the units digit of n?
4
Let j(u) = -u**3 - 6*u**2 + 7*u - 4. Let q be j(-7). Let v = 2 + q. Let b = 7 - v. What is the units digit of b?
9
Let n(b) be the first derivative of -3*b**2/2 + b + 2. Let g = 2 + -3. What is the units digit of n(g)?
4
Let j = -10 - -13. Let q = j + -2. What is the units digit of q?
1
Let g(t) = t**3 + 7*t**2 + 5. Let u be g(-7). Suppose 82 = 4*k - 2*r, 8 = u*r - 7. What is the units digit of k?
2
Let n be (0 + 0)*(-1)/(-2). Suppose n*f = -3*f. Let p = f - -3. What is the units digit of p?
3
Let l(v) = 3*v - 2. Let f be l(2). Let a = 7 - f. Suppose 0 = -r - m + 6, 0*m - m + 26 = a*r. What is the units digit of r?
0
What is the units digit of (45 + 1 + -4)*1?
2
Suppose 3*f - 21 = 3*x - 9, 0 = -3*x. Suppose -2*z = -4*r - 10, 0*r = f*z + r - 29. What is the units digit of z?
7
Suppose m = -4*m + 45. Suppose m = l - 21. Let k = -10 + l. What is the tens digit of k?
2
Let c(v) = v**2 - 7*v + 6. Let o be c(6). Suppose q - 18 - 19 = o. Suppose -3*f - 8 = -4*r, r + 3*f - q = -4*r. What is the units digit of r?
5
What is the units digit of -2 + (3/((-12)/(-40)) - 2)?
6
Let h(m) = m**3 + 6*m**2 - 2*m - 7. Let c be h(-6). Suppose -c*p - 1 = -6*p. What is the units digit of p?
1
Let i(z) = -z**3 + z**2 + 60. Let l be i(0). Suppose -3*s + 36 = -l. What is the tens digit of s?
3
Suppose 3*h + 5*d - 14 = 26, 3*h - d - 64 = 0. What is the tens digit of h?
2
Let p(g) = g**3 - 6*g**2 - 6*g. Let z be p(7). Suppose 2 = r - z. What is the units digit of r?
9
Suppose 4*a = 2*y - 353 + 1571, 5*y - 907 = -3*a. What is the units digit of a?
4
Suppose 5*g + 5*s - 95 = 0, 2 = -3*s + 11. Let l = 35 - g. What is the units digit of l*2/(-4)*-2?
9
Let b(s) = -s**2 - 8*s + 1. Let c(x) = x**2 + 8*x - 1. Let l(g) = -2*b(g) - 3*c(g). What is the units digit of l(-8)?
1
Let q(z) = 2*z**2 - 2*z - 2. Let c be q(2). Let y(d) = d - 1. Let a be y(1). Suppose a = -2*p - 0*p + c. What is the units digit of p?
1
Let i be 387/(-21) - 12/(-28). What is the units digit of (-12)/54 - 130/i?
7
Let z be 1*-20*(-8)/10. Let r = -7 + z. Suppose t + 3*l = -t - 4, -2*l - r = -5*t. What is the units digit of t?
1
Suppose -5*r = 2*n - 0*n - 258, -258 = -2*n + 3*r. What is the hundreds digit of n?
1
Let l be (-2)/3 + 2/3. Let m be 12/(-15)*(-1 + -4). Let c = m + l. What is the units digit of c?
4
Let i = 5 - 1. Suppose 4*p - 4 = 12. Let t = i + p. What is the units digit of t?
8
Suppose -4*a - 117 = -865. What is the hundreds digit of a?
1
Suppose -9 = -s - 2. Suppose -3*i + s = u - 6, 0 = -4*u - 4*i + 20. What is the units digit of u?
1
Suppose -5*u + t - 48 = 176, 5*u = -4*t - 204. Let s = u + 79. What is the tens digit of s?
3
Suppose h - 1 + 16 = 0. Let x = h + 24. What is the units digit of x?
9
Let y = 48 + 36. What is the units digit of y?
4
Let v be 2/2 + -1 + 3. Let b = v - 1. Suppose 2*p + 0*p = b. What is the units digit of p?
1
Let g = 18 + -7. What is the units digit of g?
1
Let j = 60 - -1. What is the units digi